multiple of 72?
True
Does 26 divide 6396?
True
Does 8 divide 390?
False
Is 28 a multiple of 28?
True
Is 1440 a multiple of 12?
True
Is 4881 a multiple of 18?
False
Is 23 a factor of 31591?
False
Does 16 divide 8608?
True
Is 60249 a multiple of 21?
True
Does 6 divide 2211?
False
Is 5 a factor of 1530?
True
Is 405 a multiple of 2?
False
Is 13 a factor of 7827?
False
Is 22 a factor of 4371?
False
Is 7 a factor of 3890?
False
Is 515 a multiple of 5?
True
Is 2640 a multiple of 5?
True
Is 104976 a multiple of 9?
True
Is 69 a factor of 440?
False
Is 79 a multiple of 8?
False
Is 31 a factor of 508?
False
Is 2438 a multiple of 27?
False
Is 2 a factor of 1522?
True
Is 87 a multiple of 29?
True
Is 589 a multiple of 19?
True
Is 476 a multiple of 34?
True
Is 119 a multiple of 6?
False
Is 936 a multiple of 12?
True
Is 42 a factor of 2394?
True
Does 15 divide 165?
True
Is 20 a factor of 75828?
False
Does 2 divide 321?
False
Is 13 a factor of 572?
True
Is 55782 a multiple of 7?
False
Is 123 a factor of 2706?
True
Is 1356 a multiple of 6?
True
Is 29 a factor of 20966?
False
Does 11 divide 230?
False
Is 17 a factor of 391?
True
Is 14 a factor of 76771?
False
Is 9328 a multiple of 88?
True
Is 29 a factor of 1045?
False
Is 172 a multiple of 7?
False
Is 665 a multiple of 5?
True
Is 11 even?
False
Is 21 a factor of 126?
True
Does 36 divide 2988?
True
Is 12 a factor of 3234?
False
Does 13 divide 221?
True
Is 18 a factor of 3231?
False
Is 67040 a multiple of 28?
False
Is 35 a factor of 840?
True
Does 40 divide 11400?
True
Is 52 a factor of 520?
True
Is 22 a factor of 4482?
False
Is 7 a factor of 2863?
True
Is 10 a factor of 9370?
True
Does 42 divide 19840?
False
Does 16 divide 210?
False
Does 121 divide 14415?
False
Does 8 divide 688?
True
Is 2779 a multiple of 10?
False
Is 825 a multiple of 75?
True
Is 9 a factor of 18279?
True
Does 8 divide 74?
False
Is 2395 a multiple of 16?
False
Is 34 a factor of 5428?
False
Is 881 a multiple of 16?
False
Does 170 divide 45964?
False
Is 9 a factor of 4149?
True
Is 103 a factor of 29767?
True
Is 8 a factor of 660?
False
Is 970 a multiple of 22?
False
Is 1140 a multiple of 12?
True
Is 299 a multiple of 35?
False
Does 35 divide 438?
False
Is 26 a factor of 16718?
True
Does 8 divide 1863?
False
Is 24925 a multiple of 9?
False
Is 63 a factor of 504?
True
Is 13417 a multiple of 37?
False
Is 9 a factor of 648?
True
Is 18 a factor of 4794?
False
Is 104 a factor of 9880?
True
Does 11 divide 643?
False
Is 23 a factor of 246?
False
Does 17 divide 51?
True
Is 14 a factor of 910?
True
Does 16 divide 2047?
False
Does 11 divide 154?
True
Does 10 divide 8594?
False
Does 61 divide 10347?
False
Is 75 a factor of 1500?
True
Is 14310 a multiple of 135?
True
Is 55 a factor of 2750?
True
Is 162799 a multiple of 481?
False
Is 68 a multiple of 34?
True
Is 4661 a multiple of 18?
False
Is 3 a factor of 18214?
False
Is 7 a factor of 2725?
False
Is 21 a factor of 12045?
False
Is 6290 a multiple of 55?
False
Is 7 a factor of 8610?
True
Does 46 divide 7820?
True
Is 3892 a multiple of 13?
False
Does 27 divide 4293?
True
Is 416 a multiple of 52?
True
Is 34649 a multiple of 33?
False
Is 13 a factor of 31?
False
Does 9 divide 6534?
True
Does 10 divide 33030?
True
Is 39723 a multiple of 26?
False
Is 28 a factor of 532?
True
Does 15 divide 37965?
True
Is 13 a factor of 28054?
True
Is 46 a factor of 3986?
False
Is 12 a factor of 18246?
False
Is 68 a factor of 8772?
True
Is 3861 a multiple of 21?
False
Is 496 a multiple of 241?
False
Is 2739 a multiple of 11?
True
Is 11487 a multiple of 41?
False
Is 9 a factor of 77080?
False
Is 111 a factor of 25859?
False
Does 14 divide 95270?
True
Is 6050 a multiple of 14?
False
Is 15 a factor of 390?
True
Is 75 a factor of 2025?
True
Is 30 a factor of 3432?
False
Is 40 a factor of 1982?
False
Is 14 a factor of 82320?
True
Is 10668 a multiple of 11?
False
Is 1648 a multiple of 103?
True
Is 40 a factor of 552?
False
Is 131 a factor of 21746?
True
Does 5 divide 211?
False
Does 16 divide 1212?
False
Does 58 divide 30682?
True
Is 124 a factor of 960?
False
Is 20125 a multiple of 115?
True
Does 30 divide 7918?
False
Is 8000 a multiple of 4?
True
Is 148 a factor of 10360?
True
Is 2 a factor of 325?
False
Is 63949 a multiple of 80?
False
Is 1950 a multiple of 7?
False
Is 19240 a multiple of 118?
False
Is 1124 a multiple of 12?
False
Is 961 a multiple of 31?
True
Is 12 a factor of 6048?
True
Does 13 divide 64363?
True
Is 2234 a multiple of 15?
False
Is 19 a factor of 855?
True
Is 1486 a multiple of 34?
False
Does 80 divide 8388?
False
Is 12 a factor of 259?
False
Is 3310 a multiple of 17?
False
Is 1424 a multiple of 4?
True
Is 45 a factor of 585?
True
Is 27 a factor of 9963?
True
Is 96 a factor of 6720?
True
Is 35 a factor of 18670?
False
Does 5 divide 13825?
True
Is 9 a factor of 414?
True
Is 23288 a multiple of 41?
True
Is 24 a multiple of 6?
True
Is 34 a factor of 4627?
False
Is 6962 a multiple of 11?
False
Is 11516 a multiple of 59?
False
Is 1992 a multiple of 12?
True
Is 119664 a multiple of 293?
False
Is 132 a multiple of 66?
True
Is 42 a factor of 1149?
False
Does 138 divide 334?
False
Does 5 divide 434?
False
Does 5 divide 50?
True
Is 12267 a multiple of 29?
True
Does 66 divide 6600?
True
Is 91 a factor of 36080?
False
Does 14 divide 930?
False
Does 40 divide 305?
False
Does 18 divide 666?
True
Does 128 divide 6528?
True
Is 3696 a multiple of 88?
True
Is 4490 a multiple of 12?
False
Does 21 divide 2331?
True
Is 21 a factor of 799?
False
Is 43 a factor of 821?
False
Is 16822 a multiple of 79?
False
Is 12 a factor of 1005?
False
Is 5132 a multiple of 36?
False
Is 13368 a multiple of 12?
True
Is 24 a factor of 5333?
False
Is 96 a multiple of 8?
True
Is 98 a factor of 3502?
False
Does 5 divide 684?
False
Does 33 divide 8415?
True
Is 49 a factor of 4026?
False
Is 237678 a multiple of 14?
True
Is 315 a multiple of 7?
True
Is 78 a multiple of 4?
False
Is 6893 a multiple of 61?
True
Does 94 divide 1337?
False
Is 2541 a multiple of 33?
True
Is 20 a factor of 1228?
False
Does 21 divide 322?
False
Does 119 divide 1852?
False
Does 41 divide 104?
False
Is 18 a factor of 13518?
True
Is 54 a factor of 54?
True
Is 716 a multiple of 26?
False
Is 435 a multiple of 27?
False
Is 9269 a multiple of 5?
False
Does 177 divide 23010?
True
Is 15 a factor of 27210?
True
Is 8379 a multiple of 63?
True
Does 59 divide 18247?
False
Is 1301 a multiple of 96?
False
Is 13806 a multiple of 26?
True
Does 8 divide 68864?
True
Does 4 divide 208?
True
Is 12 a factor of 29256?
True
Is 32 a factor of 415?
False
Does 15 divide 10537?
False
Is 2395 a multiple of 56?
False
Is 27 a factor of 100?
False
Does 32 divide 1619?
False
Does 27 divide 1242?
True
Is 64 a factor of 6788?
False
Does 17 divide 1649?
True
Does 18 divide 301?
False
Is 23 a factor of 1167?
False
Is 106 a factor of 7420?
True
Does 5 divide 550?
True
Is 4 a factor of 1336?
True
Does 17 divide 2584?
True
Does 12 divide 346?
False
Is 368 a multiple of 46?
True
Is 23 a factor of 4784?
True
Does 14 divide 6846?
True
Is 31 a factor of 1643?
True
Is 98 a factor of 1568?
True
Is 16 a factor of 471?
False
Does 21 divide 441?
True
Is 13 a factor of 3572?
False
Does 2 divide 1539?
False
Is 16 a factor of 1496?
False
Is 30640 a multiple of 20?
True
Does 30 divide 2252?
False
Is 492 a multiple of 2?
True
Is 264 a factor of 5808?
True
Is 19 a factor of 2591?
False
Does 5 divide 288?
False
Is 1376 a multiple of 4?
True
Is 7 a factor of 3867?
False
Is 13 a factor of 201?
False
Is 10 a factor of 13567?
False
Is 28 a factor of 9939?
False
Does 6 divide 2514?
True
Is 1604 a multiple of 4?
True
Is 14 a factor of 157?
False
Does 9 divide 1047?
False
Is 13 a factor of 1716?
True
Does 6 divide 636?
True
Does 10 divide 30650?
True
Is 41 a factor of 1238?
False
Is 3060 a multiple of 34?
True
Is 1173 a multiple of 69?
True
Is 14 a factor of 700?
True
Does 8 divide 584?
True
Is 5793 a multiple of 195?
False
Does 66 divide 396?
True
Is 66 a factor of 8927?
False
Is 15 a factor of 7722?
False
Is 5880 a multiple of 57?
False
Is 24 a factor of 1207?
False
Does 6 divide 350?
False
Does 17 divide 1025?
False
Does 48 divide 3648?
True
Is 43 a factor of 688?
True
Is 2285 a multiple of 50?
False
Is 65841 a multiple of 109?
False
Is 1155